[INFO] cloning repository https://github.com/ashkitten/syncplay-rs
[INFO] running `Command { std: "git" "-c" "credential.helper=" "-c" "credential.helper=/workspace/cargo-home/bin/git-credential-null" "clone" "--bare" "https://github.com/ashkitten/syncplay-rs" "/workspace/cache/git-repos/https%3A%2F%2Fgithub.com%2Fashkitten%2Fsyncplay-rs", kill_on_drop: false }`
[INFO] [stderr] Cloning into bare repository '/workspace/cache/git-repos/https%3A%2F%2Fgithub.com%2Fashkitten%2Fsyncplay-rs'...
[INFO] running `Command { std: "git" "rev-parse" "HEAD", kill_on_drop: false }`
[INFO] [stdout] ef8edcda7f6496c13c9021fd56c17964fa835423
[INFO] checking ashkitten/syncplay-rs against master#e6e4f7ed1589e03bc2f6c5931c1a72e7947e8682 for beta-170-4
[INFO] running `Command { std: "git" "clone" "/workspace/cache/git-repos/https%3A%2F%2Fgithub.com%2Fashkitten%2Fsyncplay-rs" "/workspace/builds/worker-1-tc2/source", kill_on_drop: false }`
[INFO] [stderr] Cloning into '/workspace/builds/worker-1-tc2/source'...
[INFO] [stderr] done.
[INFO] validating manifest of git repo https://github.com/ashkitten/syncplay-rs on toolchain e6e4f7ed1589e03bc2f6c5931c1a72e7947e8682
[INFO] running `Command { std: CARGO_HOME="/workspace/cargo-home" RUSTUP_HOME="/workspace/rustup-home" "/workspace/cargo-home/bin/cargo" "+e6e4f7ed1589e03bc2f6c5931c1a72e7947e8682" "metadata" "--manifest-path" "Cargo.toml" "--no-deps", kill_on_drop: false }`
[INFO] started tweaking git repo https://github.com/ashkitten/syncplay-rs
[INFO] finished tweaking git repo https://github.com/ashkitten/syncplay-rs
[INFO] tweaked toml for git repo https://github.com/ashkitten/syncplay-rs written to /workspace/builds/worker-1-tc2/source/Cargo.toml
[INFO] crate git repo https://github.com/ashkitten/syncplay-rs already has a lockfile, it will not be regenerated
[INFO] running `Command { std: CARGO_HOME="/workspace/cargo-home" RUSTUP_HOME="/workspace/rustup-home" "/workspace/cargo-home/bin/cargo" "+e6e4f7ed1589e03bc2f6c5931c1a72e7947e8682" "fetch" "--manifest-path" "Cargo.toml", kill_on_drop: false }`
[INFO] [stderr]     Blocking waiting for file lock on package cache
[INFO] running `Command { std: "docker" "create" "-v" "/var/lib/crater-agent-workspace/builds/worker-1-tc2/target:/opt/rustwide/target:rw,Z" "-v" "/var/lib/crater-agent-workspace/builds/worker-1-tc2/source:/opt/rustwide/workdir:ro,Z" "-v" "/var/lib/crater-agent-workspace/cargo-home:/opt/rustwide/cargo-home:ro,Z" "-v" "/var/lib/crater-agent-workspace/rustup-home:/opt/rustwide/rustup-home:ro,Z" "-e" "SOURCE_DIR=/opt/rustwide/workdir" "-e" "CARGO_TARGET_DIR=/opt/rustwide/target" "-e" "CARGO_HOME=/opt/rustwide/cargo-home" "-e" "RUSTUP_HOME=/opt/rustwide/rustup-home" "-w" "/opt/rustwide/workdir" "-m" "1610612736" "--user" "0:0" "--network" "none" "ghcr.io/rust-lang/crates-build-env/linux@sha256:19e73879b68f455e41552ea35293514db52ea292d993f571636dbffedb77a1ee" "/opt/rustwide/cargo-home/bin/cargo" "+e6e4f7ed1589e03bc2f6c5931c1a72e7947e8682" "metadata" "--no-deps" "--format-version=1", kill_on_drop: false }`
[INFO] [stdout] 747152abb52633ff54b11d25f428a5f4e0464501e1e0b79059c9de844f5f3359
[INFO] running `Command { std: "docker" "start" "-a" "747152abb52633ff54b11d25f428a5f4e0464501e1e0b79059c9de844f5f3359", kill_on_drop: false }`
[INFO] running `Command { std: "docker" "inspect" "747152abb52633ff54b11d25f428a5f4e0464501e1e0b79059c9de844f5f3359", kill_on_drop: false }`
[INFO] running `Command { std: "docker" "rm" "-f" "747152abb52633ff54b11d25f428a5f4e0464501e1e0b79059c9de844f5f3359", kill_on_drop: false }`
[INFO] [stdout] 747152abb52633ff54b11d25f428a5f4e0464501e1e0b79059c9de844f5f3359
[INFO] running `Command { std: "docker" "create" "-v" "/var/lib/crater-agent-workspace/builds/worker-1-tc2/target:/opt/rustwide/target:rw,Z" "-v" "/var/lib/crater-agent-workspace/builds/worker-1-tc2/source:/opt/rustwide/workdir:ro,Z" "-v" "/var/lib/crater-agent-workspace/cargo-home:/opt/rustwide/cargo-home:ro,Z" "-v" "/var/lib/crater-agent-workspace/rustup-home:/opt/rustwide/rustup-home:ro,Z" "-e" "SOURCE_DIR=/opt/rustwide/workdir" "-e" "CARGO_TARGET_DIR=/opt/rustwide/target" "-e" "CARGO_INCREMENTAL=0" "-e" "RUST_BACKTRACE=full" "-e" "RUSTFLAGS=--cap-lints=forbid" "-e" "RUSTDOCFLAGS=--cap-lints=forbid" "-e" "CARGO_HOME=/opt/rustwide/cargo-home" "-e" "RUSTUP_HOME=/opt/rustwide/rustup-home" "-w" "/opt/rustwide/workdir" "-m" "1610612736" "--user" "0:0" "--network" "none" "ghcr.io/rust-lang/crates-build-env/linux@sha256:19e73879b68f455e41552ea35293514db52ea292d993f571636dbffedb77a1ee" "/opt/rustwide/cargo-home/bin/cargo" "+e6e4f7ed1589e03bc2f6c5931c1a72e7947e8682" "check" "--frozen" "--all" "--all-targets" "--message-format=json", kill_on_drop: false }`
[INFO] [stdout] 8933f07bfd4c1f109f0aa4afbb3300955192525ad2bc72a4bb8c0f1be44f23ec
[INFO] running `Command { std: "docker" "start" "-a" "8933f07bfd4c1f109f0aa4afbb3300955192525ad2bc72a4bb8c0f1be44f23ec", kill_on_drop: false }`
[INFO] [stderr]    Compiling proc-macro2 v1.0.43
[INFO] [stderr]    Compiling unicode-ident v1.0.3
[INFO] [stderr]    Compiling quote v1.0.21
[INFO] [stderr]    Compiling syn v1.0.99
[INFO] [stderr]    Compiling libc v0.2.132
[INFO] [stderr]     Checking once_cell v1.13.1
[INFO] [stderr]    Compiling futures-core v0.3.23
[INFO] [stderr]     Checking futures-sink v0.3.23
[INFO] [stderr]    Compiling ring v0.16.20
[INFO] [stderr]    Compiling slab v0.4.7
[INFO] [stderr]     Checking untrusted v0.7.1
[INFO] [stderr]     Checking base64 v0.13.0
[INFO] [stderr]     Checking spin v0.5.2
[INFO] [stderr]    Compiling futures-task v0.3.23
[INFO] [stderr]    Compiling futures-channel v0.3.23
[INFO] [stderr]     Checking smallvec v1.9.0
[INFO] [stderr]    Compiling tokio v1.20.1
[INFO] [stderr]    Compiling ahash v0.7.6
[INFO] [stderr]     Checking tracing-core v0.1.29
[INFO] [stderr]    Compiling futures-util v0.3.23
[INFO] [stderr]     Checking bytes v1.2.1
[INFO] [stderr]    Compiling proc-macro-error-attr v1.0.4
[INFO] [stderr]     Checking ppv-lite86 v0.2.16
[INFO] [stderr]     Checking futures-io v0.3.23
[INFO] [stderr]    Compiling rustls v0.20.6
[INFO] [stderr]     Checking rustls-pemfile v1.0.1
[INFO] [stderr]    Compiling proc-macro-error v1.0.4
[INFO] [stderr]     Checking openssl-probe v0.1.5
[INFO] [stderr]     Checking byteorder v1.4.3
[INFO] [stderr]     Checking tinyvec_macros v0.1.0
[INFO] [stderr]    Compiling bytecheck v0.6.9
[INFO] [stderr]    Compiling serde_derive v1.0.144
[INFO] [stderr]     Checking rustls-pemfile v0.2.1
[INFO] [stderr]    Compiling indexmap v1.9.1
[INFO] [stderr]     Checking tinyvec v1.6.0
[INFO] [stderr]     Checking rustls-native-certs v0.6.2
[INFO] [stderr]    Compiling serde v1.0.144
[INFO] [stderr]    Compiling rend v0.3.6
[INFO] [stderr]     Checking num_threads v0.1.6
[INFO] [stderr]    Compiling rkyv v0.7.39
[INFO] [stderr]     Checking os_str_bytes v6.3.0
[INFO] [stderr]     Checking regex-syntax v0.6.27
[INFO] [stderr]     Checking fxhash v0.2.1
[INFO] [stderr]    Compiling anyhow v1.0.62
[INFO] [stderr]    Compiling serde_json v1.0.85
[INFO] [stderr]     Checking pem v1.1.0
[INFO] [stderr]     Checking textwrap v0.15.0
[INFO] [stderr]     Checking strsim v0.10.0
[INFO] [stderr]     Checking seahash v4.1.0
[INFO] [stderr]     Checking clap_lex v0.2.4
[INFO] [stderr]     Checking ryu v1.0.11
[INFO] [stderr]     Checking itoa v1.0.3
[INFO] [stderr]     Checking bitflags v1.3.2
[INFO] [stderr]     Checking getrandom v0.2.7
[INFO] [stderr]     Checking parking_lot_core v0.9.3
[INFO] [stderr]     Checking num_cpus v1.13.1
[INFO] [stderr]     Checking signal-hook-registry v1.4.0
[INFO] [stderr]     Checking socket2 v0.4.4
[INFO] [stderr]     Checking mio v0.8.4
[INFO] [stderr]     Checking time v0.3.14
[INFO] [stderr]     Checking atty v0.2.14
[INFO] [stderr]     Checking rand_core v0.6.3
[INFO] [stderr]     Checking parking_lot v0.12.1
[INFO] [stderr]     Checking rand_chacha v0.3.1
[INFO] [stderr]     Checking rand v0.8.5
[INFO] [stderr]     Checking hashbrown v0.12.3
[INFO] [stderr]     Checking yasna v0.5.0
[INFO] [stderr]     Checking regex v1.6.0
[INFO] [stderr]     Checking env_logger v0.9.0
[INFO] [stderr]     Checking webpki v0.22.0
[INFO] [stderr]     Checking sct v0.7.0
[INFO] [stderr]     Checking rcgen v0.9.3
[INFO] [stderr]    Compiling tracing-attributes v0.1.22
[INFO] [stderr]    Compiling futures-macro v0.3.23
[INFO] [stderr]    Compiling tokio-macros v1.8.0
[INFO] [stderr]    Compiling ptr_meta_derive v0.1.4
[INFO] [stderr]    Compiling thiserror-impl v1.0.32
[INFO] [stderr]    Compiling bytecheck_derive v0.6.9
[INFO] [stderr]    Compiling rkyv_derive v0.7.39
[INFO] [stderr]    Compiling async-stream-impl v0.3.3
[INFO] [stderr]    Compiling clap_derive v3.2.18
[INFO] [stderr]     Checking ptr_meta v0.1.4
[INFO] [stderr]     Checking async-stream v0.3.3
[INFO] [stderr]     Checking tracing v0.1.36
[INFO] [stderr]     Checking thiserror v1.0.32
[INFO] [stderr]     Checking quinn-proto v0.8.4
[INFO] [stderr]     Checking clap v3.2.19
[INFO] [stderr]     Checking futures-executor v0.3.23
[INFO] [stderr]     Checking futures v0.3.23
[INFO] [stderr]     Checking quinn-udp v0.1.3
[INFO] [stderr]     Checking tokio-util v0.7.3
[INFO] [stderr]     Checking quinn v0.8.5
[INFO] [stderr]     Checking tokio-stream v0.1.9
[INFO] [stderr]     Checking syncplay-rs v0.1.0 (/opt/rustwide/workdir)
[INFO] [stdout] warning: unused import: `time::Duration`
[INFO] [stdout]  --> src/bin/server.rs:9:38
[INFO] [stdout]   |
[INFO] [stdout] 9 | use std::{collections::HashMap, mem, time::Duration};
[INFO] [stdout]   |                                      ^^^^^^^^^^^^^^
[INFO] [stdout]   |
[INFO] [stdout]   = note: `#[warn(unused_imports)]` on by default
[INFO] [stdout] 
[INFO] [stdout] 
[INFO] [stdout] warning: unused import: `time::Duration`
[INFO] [stdout]  --> src/bin/server.rs:9:38
[INFO] [stdout]   |
[INFO] [stdout] 9 | use std::{collections::HashMap, mem, time::Duration};
[INFO] [stdout]   |                                      ^^^^^^^^^^^^^^
[INFO] [stdout]   |
[INFO] [stdout]   = note: `#[warn(unused_imports)]` on by default
[INFO] [stdout] 
[INFO] [stdout] 
[INFO] [stdout] warning: 1 warning emitted
[INFO] [stdout] 
[INFO] [stdout] 
[INFO] [stdout] error[E0599]: no method named `as_seconds_f64` found for struct `std::time::Duration` in the current scope
[INFO] [stdout]    --> src/bin/client.rs:198:61
[INFO] [stdout]     |
[INFO] [stdout] 198 | ...                   println!("latency: {}", latency.as_seconds_f64());
[INFO] [stdout]     |                                                       ^^^^^^^^^^^^^^ help: there is a method with a similar name: `as_secs_f64`
[INFO] [stdout] 
[INFO] [stdout] 
[INFO] [stdout] error[E0599]: no method named `as_seconds_f64` found for struct `std::time::Duration` in the current scope
[INFO] [stdout]    --> src/bin/client.rs:201:57
[INFO] [stdout]     |
[INFO] [stdout] 201 | ...                   println!("drift: {}", drift.as_seconds_f64());
[INFO] [stdout]     |                                                   ^^^^^^^^^^^^^^ help: there is a method with a similar name: `as_secs_f64`
[INFO] [stdout] 
[INFO] [stdout] 
[INFO] [stdout] error[E0599]: no method named `abs` found for struct `std::time::Duration` in the current scope
[INFO] [stdout]    --> src/bin/client.rs:205:38
[INFO] [stdout]     |
[INFO] [stdout] 205 | ...                   if drift.abs() > Duration::from_secs(2) {
[INFO] [stdout]     |                                ^^^ method not found in `Duration`
[INFO] [stdout] 
[INFO] [stdout] 
[INFO] [stdout] error[E0599]: no method named `as_seconds_f64` found for struct `std::time::Duration` in the current scope
[INFO] [stdout]    --> src/bin/client.rs:198:61
[INFO] [stdout]     |
[INFO] [stdout] 198 | ...                   println!("latency: {}", latency.as_seconds_f64());
[INFO] [stdout]     |                                                       ^^^^^^^^^^^^^^ help: there is a method with a similar name: `as_secs_f64`
[INFO] [stdout] 
[INFO] [stdout] 
[INFO] [stdout] warning: 1 warning emitted
[INFO] [stdout] 
[INFO] [stdout] 
[INFO] [stdout] error[E0599]: no method named `as_seconds_f64` found for struct `std::time::Duration` in the current scope
[INFO] [stdout]    --> src/bin/client.rs:206:85
[INFO] [stdout]     |
[INFO] [stdout] 206 | ...                   if let Err(e) = mpv.send_command(Command::Seek(time.as_seconds_f64(), SeekOptions::Absolute)).await {
[INFO] [stdout]     |                                                                           ^^^^^^^^^^^^^^ help: there is a method with a similar name: `as_secs_f64`
[INFO] [stdout] 
[INFO] [stdout] 
[INFO] [stdout] error[E0599]: no method named `as_seconds_f64` found for struct `std::time::Duration` in the current scope
[INFO] [stdout]    --> src/bin/client.rs:201:57
[INFO] [stdout]     |
[INFO] [stdout] 201 | ...                   println!("drift: {}", drift.as_seconds_f64());
[INFO] [stdout]     |                                                   ^^^^^^^^^^^^^^ help: there is a method with a similar name: `as_secs_f64`
[INFO] [stdout] 
[INFO] [stdout] 
[INFO] [stdout] error: aborting due to 4 previous errors
[INFO] [stdout] 
[INFO] [stdout] 
[INFO] [stdout] For more information about this error, try `rustc --explain E0599`.
[INFO] [stdout] 
[INFO] [stdout] error[E0599]: no method named `abs` found for struct `std::time::Duration` in the current scope
[INFO] [stdout]    --> src/bin/client.rs:205:38
[INFO] [stdout]     |
[INFO] [stdout] 205 | ...                   if drift.abs() > Duration::from_secs(2) {
[INFO] [stdout]     |                                ^^^ method not found in `Duration`
[INFO] [stdout] 
[INFO] [stdout] 
[INFO] [stderr] error: could not compile `syncplay-rs` (bin "client" test) due to 5 previous errors
[INFO] [stderr] warning: build failed, waiting for other jobs to finish...
[INFO] [stdout] error[E0599]: no method named `as_seconds_f64` found for struct `std::time::Duration` in the current scope
[INFO] [stdout]    --> src/bin/client.rs:206:85
[INFO] [stdout]     |
[INFO] [stdout] 206 | ...                   if let Err(e) = mpv.send_command(Command::Seek(time.as_seconds_f64(), SeekOptions::Absolute)).await {
[INFO] [stdout]     |                                                                           ^^^^^^^^^^^^^^ help: there is a method with a similar name: `as_secs_f64`
[INFO] [stdout] 
[INFO] [stdout] 
[INFO] [stdout] error: aborting due to 4 previous errors
[INFO] [stdout] 
[INFO] [stdout] 
[INFO] [stdout] For more information about this error, try `rustc --explain E0599`.
[INFO] [stdout] 
[INFO] [stderr] error: could not compile `syncplay-rs` (bin "client") due to 5 previous errors
[INFO] running `Command { std: "docker" "inspect" "8933f07bfd4c1f109f0aa4afbb3300955192525ad2bc72a4bb8c0f1be44f23ec", kill_on_drop: false }`
[INFO] running `Command { std: "docker" "rm" "-f" "8933f07bfd4c1f109f0aa4afbb3300955192525ad2bc72a4bb8c0f1be44f23ec", kill_on_drop: false }`
[INFO] [stdout] 8933f07bfd4c1f109f0aa4afbb3300955192525ad2bc72a4bb8c0f1be44f23ec
